) = 36*w - 12. Let j(q) = 18*q - 7. Let l(m) = -4*f(m) + 7*j(m). Let g(a) = 36*a + 2. Let t(x) = k*g(x) - 5*l(x). What is t(-1)?
17
Let p be -1*(8 + -8 + -4). Let v(t) = 4*t**3 - 14*t**2 - 2*t + 10. Calculate v(p).
34
Suppose -6*n + 84 = -3*n. Suppose -7*v - n = -3*v. Let b be 0/((-1 - -4) + v). Let a(l) = -l + 7. Give a(b).
7
Let w(l) be the first derivative of -2*l**3 - l - 16 - 1/4*l**4 - 7/2*l**2. Determine w(-5).
9
Let p(i) = -1118*i**2 - 15*i + 371*i**2 + 4 + 373*i**2 - 20 + 373*i**2. Let h be (-1 - -2)*(-4 - 9). Calculate p(h).
10
Let h(o) be the third derivative of -17*o**6/120 - o**3/6 + 29*o**2. Suppose -5*i - 20 = -5*k, 23*k - 26*k - 2*i - 3 = 0. Determine h(k).
-18
Let g(l) be the second derivative of l**3/3 + 5*l**2/2 + 1301*l - 1. Calculate g(-7).
-9
Let r(q) = q**3 + 10*q**2 - 11. Let f be 2 + -4 - (19 - 5 - 6). Determine r(f).
-11
Let k(d) be the second derivative of -d**5/20 - 4*d**4/3 - 5*d**3/2 + d**2 - 1459*d. Determine k(-15).
2
Let l(t) = -2*t - 6. Let m be l(-4). Let k(s) = 3*s**2 + s**m - 3*s**2 + 1. Let w be (-93 - -113)*1/(-2) - (-7 + (-5 - -1)). Give k(w).
2
Let p(z) = 0*z - 5*z**2 + 4*z**2 - z. Suppose -72*d + 27*d = 135. Calculate p(d).
-6
Let a = -232 - -244. Let n(z) = 177 - 11*z - 186 + a*z. What is n(7)?
-2
Suppose 0 = -2*z - 5*n + 29, 3*z = -n + 37 - 26. Let i(w) be the first derivative of -z*w**2 - 21 - 1/4*w**4 + 4/3*w**3 + 2*w. Determine i(4).
-14
Let q(a) = a**2 - 8*a + 9. Suppose 3*n + 5 = d, -4*d + 4*n + 12 = -8. What is q(d)?
-6
Let y be (42/(-7) + 5)/(5/(-65)). Suppose -y = t + 3*g, -5*t + 9*g = 11*g. Let x(h) = -2*h + 0 + 3*h - h**3 - 1. Give x(t).
-7
Let i(r) = -r**2 + 7*r + 8. Suppose -12*u = -7*u - 15. Let d(g) = g**3 + g**2 - 4*g. Let c be d(0). Suppose -u*o - n = -19, 35 = -c*o + 5*o + n. What is i(o)?
0
Let o(j) = -j**3 + 4*j**2 + 4*j + 4. Let z = 31 + -14. Let h = -1294 + 1282. Let q = h + z. Determine o(q).
-1
Let a(g) be the first derivative of -g**3/6 - 8*g**2 - 144*g + 325. Let f(k) be the first derivative of a(k). What is f(-15)?
-1
Let i(p) = 6*p**3 - 2*p**2 + 4*p - 3. Let a = 9970 - 9969. What is i(a)?
5
Let q = 2884 - 531. Let g(v) = -2360 + 8*v - v**2 - q + 4721. Determine g(9).
-1
Suppose 6 = 3*a, b - 11*a + 13*a - 2 = 0. Let c(m) = -5*m**2 + 5*m - 8. Let j(i) = i**2 - i + 1. Let t(g) = c(g) + 6*j(g). Give t(b).
4
Let i(m) be the third derivative of -m**6/40 - 13*m**5/30 + m**4/8 - 8*m**3 - 2*m**2 + 660. What is i(-9)?
6
Let m(h) be the first derivative of 1/3*h**3 + 47 + 7/2*h**2 - 6*h. Determine m(-6).
-12
Let n(i) = -i**3 - 16*i**2 + i + 24. Let j(x) = x**3 - 11*x**2 + 15*x + 11. Let g be j(9). Calculate n(g).
8
Let h(m) = -3*m + 5. Let t be h(1). Let q be (-8 - -1)*t/(-7). Let j be -1 - (1 - (3 - q)). Let o(s) = -4*s**2 - s. Calculate o(j).
-3
Let q(a) = -a**3 - 37*a**2 - 3*a - 103. Let r be (10/40)/((-2)/296). What is q(r)?
8
Let c(s) = 8*s + 228. Let y be c(-28). Suppose y*z - 9*z - q + 37 = 0, -5*q = -3*z + 11. Let p(v) = -2*v + 13. Calculate p(z).
-1
Let z(v) = 3*v + 5. Suppose 0 = 2*c - 5*u - 30, -2*c + 2*u - 3*u + 42 = 0. Let s be c/(-3 + -2) + -3. Give z(s).
-16
Let n be (17 - 14)/(9/(-6)). Let g(x) be the third derivative of -x**6/60 + x**4/24 + x**3/3 + 10*x**2. What is g(n)?
16
Let b(k) = k**3 + 3*k**2 - 4*k + 4. Suppose -v - 10 = 3*l, -5*v - 18 = 42*l - 43*l. Determine b(v).
4
Let l(v) be the first derivative of -v**6/120 + 11*v**5/60 - v**4/24 + 5*v**3/2 + v**2 - 11*v - 38. Let a(u) be the second derivative of l(u). Give a(11).
4
Let w(h) = -h**3 - 4*h**2 + 4*h - 1. Let y be w(-5). Suppose 2*q - 4 = y*q. Let n(v) = 154 - 79 - 78 - 5*v. Calculate n(q).
7
Let c = -12 + 17. Let x = -31 - -33. Let s(h) = 2*h**2 + 16 + x - 11 + 6*h - 3*h**2. Determine s(c).
12
Let l(g) = -5*g**2 + 5*g + 10. Let h(y) = -17*y**2 + 14*y + 30. Let z(k) = -2*h(k) + 7*l(k). Calculate z(7).
10
Let f be (-16)/19 + 1 + (-3536408)/494057. Let q(r) = 3*r - 3*r + r**2 + 8*r + 8. Give q(f).
1
Let t(h) be the first derivative of -h**6/360 - 3*h**5/20 + h**4/12 + 190*h**3/3 + 42. Let m(q) be the third derivative of t(q). Calculate m(-18).
2
Suppose 0 = -2*x - 54 + 704. Let v = x + -334. Let b(d) be the first derivative of -d**4/4 - 8*d**3/3 + 9*d**2/2 + 7*d - 1. Give b(v).
7
Let a(k) = 14*k**2 + 6*k - 5. Suppose 0 = -312*c + 318*c + 4 - 10. Give a(c).
15
Let p(c) = -13*c**3 + 2*c**2 + 6*c + 5. Let n be p(-1). Let r(u) = 368*u - 372*u + 4 + n. Give r(7).
-10
Let u(b) = -312*b + 689. Let h be u(2). Let x(o) = o**2 - 72*o + 457. What is x(h)?
2
Let q(h) = -3835 + 2*h**3 + 3*h**3 - 4*h**3 - 7*h**2 - 10*h + 3831. Determine q(9).
68
Let a(v) = v**3 - 3*v**2 + 3*v - 3. Let m be a(3). Let i(p) = -16*p - 25. Let h(d) = 37*d + 59. Let u(o) = -3*h(o) - 7*i(o). Calculate u(m).
4
Let l(r) = -r - 7. Let s be (16/3)/((-94)/141). Give l(s).
1
Let w(x) be the first derivative of -x**7/840 - x**6/180 + x**5/24 + x**4/8 - x**3 + 2*x + 66. Let a(q) be the third derivative of w(q). What is a(-3)?
-3
Let b(q) = -42*q + 6. Let c(k) = 2*k**3 + 38*k**2 + 112*k + 255. Let d be c(-16). Determine b(d).
48
Let s = -14764 + 14764. Let x(h) = 2*h**3 - 3*h**2 + 3*h + 24. What is x(s)?
24
Let l(b) be the third derivative of b**6/120 + b**5/60 + b**4/24 + 9*b**3/2 - 321*b**2. Let u(p) = -p**3 - 7*p**2. Let q be u(-7). What is l(q)?
27
Suppose -5*a + 3*t = 1, 0 = -27*a + 22*a + 2*t + 1. Let l be -1 + 6/(-3) - -5. Let p(z) = 6*z**3 + l*z**2 - 2*z + 1 - z**2 + z**3. Give p(a).
7
Let k(o) = o**2 - 11*o + 31. Let a be k(7). Suppose 3 = -4*t + a. Suppose -2*j + t = 2. Let w(h) = 9*h**3 + h. What is w(j)?
-10
Let y(p) = 2*p. Let w be ((-22)/3)/(-3 + (-63)/(-27)). Suppose w*f = -13*f - 168. What is y(f)?
-14
Let u(v) = -v**3 - 16*v**2 - 13*v - 10. Suppose -2*f - 2*g = 36, -50*f = -51*f + g - 12. Calculate u(f).
-40
Let z(o) be the first derivative of 13*o**2 + 4*o**2 - 15 + 5*o**2 - 5*o - 23*o**2. Determine z(-7).
9
Let x(g) = -g**3 + 14*g**2 + 92*g + 58. Let y be x(19). Let j(p) = -2*p - 16. What is j(y)?
-18
Let y(g) = g**2 + 0 - 7 + 0*g**2 + 6*g. Suppose -269 - 137 = 58*m. What is y(m)?
0
Let h(q) = -5*q**2 - 287*q**3 - 13*q**2 - 6*q + 280*q**3 + 2*q + 2. Let x(n) = -5*n**3 - 17*n**2 - 3*n + 1. Let w(b) = -3*h(b) + 4*x(b). Give w(14).
-2
Let z(d) = d**3 - 9*d**2 + 8*d + 3. Let b(y) = 5*y + 438. Let v be b(-86). Calculate z(v).
3
Let y(j) be the first derivative of -j**4/4 - 3*j**3 + 25*j**2/2 - 11*j - 3613. Determine y(-11).
-44
Let k be ((-5)/10)/((-1)/(-4)). Let j be 12/9 + (12/(-9))/k. Suppose j*b - 2 = 4*v, -v - 3 = 2*b - 0*b. Let c(q) = -q + 1. Determine c(v).
2
Let d(n) be the first derivative of -2076*n**2 - 2 + 0*n + 3*n + n**3 + 2077*n**2. Suppose -3*k = -5*x - 0*x + 16, -2 = -3*k - 4*x. Give d(k).
11
Let r(b) = -58*b**2 + 52*b - 470. Let x(v) = -151*v**2 + 131*v - 1175. Let z(u) = 13*r(u) - 5*x(u). Give z(-29).
-3
Suppose 1221*l = 1235*l + 756. Let r(b) = -b**3 - 55*b**2 - 52*b + 102. Determine r(l).
-6
Let j(m) = 16*m + 6. Let b(a) = 7*a + 3. Suppose 4*n + 33 = 5*q, -3*n + 7 = 3*q - 29. Let i(h) = q*b(h) - 4*j(h). Give i(0).
3
Let x(l) be the first derivative of -l**2/2 - 3*l - 55. Let y(c) = -3*c + 27. Let r(h) = -4*h + 26. Let p(g) = 5*r(g) - 6*y(g). Let o be p(-16). Give x(o).
-3
Let v(x) = -3 + 3*x**2 + 702*x - x**2 - 702*x + 2 + 8*x**3. Let y(d) = -2*d - 20. Let w be y(-9). Let s = 3 + w. Give v(s).
9
Suppose -j + 96 = -15*u, 5*j + 4*u + 5 = 11. Let f(a) = -a**2 - 2*a - 6. Give f(j).
-54
Suppose -51 = 17*q - 102. Let h(j) be the first derivative of 1/4*j**4 + 1/2*j**2 - 4/3*j**3 + 5 + q*j. Calculate h(4).
7
Let m(x) = -x - 4. Let j be m(-40). Suppose y + j = -4*w - 0*y, 0 = -2*w + 3*y - 18. Let q(k) = -k**3 - 10*k**2 - 9*k. Determine q(w).
0
Let w(f) = -f**3 + 14*f**2 - 27*f + 15. Let i(c) = -c**2 + 57*c - 798. Let y be i(27). Give w(y).
-21
Let j(l) be the first derivative of 4*l**2 - 50*l - 624. Calculate j(7).
6
Let g = -7189 + 7176. Let j(r) = -r**2 - 16*r - 20. Give j(g).
19
Suppose 98*k + 151*k = -747. Let a(m) = -7*m**2 - 2*m - 3. Give a(k).
-60
Let l(x) = -x**3 + 9*x**2 - 2*x - 6. Let h be l(-4). Suppose -4*v + 2*v = -2*d - h, 425 = 4*v - 3*d. Let o = v - 107. Let y(c) = c - 4. Give y(o).
-1
Let g be (-8 - (2 + -5))/(2/(-6)). Suppose -3*k = -5*o + g + 4, k - 22 = -4*o. Let h(a) = 2*a - 3 - 6 + 6 + a**2 + 0*a**k. De